 = -308*z - 4338. Give x(-13).
-334
Let w(q) = -q**2 - 46*q + 19663. What is w(-165)?
28
Let g(j) = -j**3 + 67*j**2 + 5200*j + 89. Determine g(-46).
-3
Let s(k) = k**3 - 32*k**2 + 45*k + 53. Determine s(30).
-397
Let k(v) = 14875*v + 2469252. What is k(-166)?
2
Let a(s) = s**3 + 42*s**2 - 690*s - 5446. Calculate a(-6).
-10
Let n(x) = -263*x + 3636. Give n(11).
743
Let k(z) = 2*z**2 + 7062*z + 154713. What is k(-22)?
317
Let x(d) = 6*d**3 + 384*d**2 - 10*d - 548. Determine x(-64).
92
Let y(h) = -633*h + 4408. What is y(7)?
-23
Let f(u) = 3*u**3 + 571*u**2 + 112*u - 14810. What is f(-190)?
10
Let y(x) = 29*x - 2314. Give y(78).
-52
Let p(t) = -t**2 + 424*t - 44289. What is p(187)?
30
Let s(z) = 7*z**2 + 1169*z - 4901. Calculate s(4).
-113
Let p(z) = 2054*z + 425957. What is p(-207)?
779
Let f(v) = 782*v - 1702. Give f(5).
2208
Let r(u) = -135980*u + 8974683. Give r(66).
3
Let m(z) = -2*z**2 + 164801*z + 2142743. Calculate m(-13).
-8
Let h(w) = -w**3 - 119*w**2 + 252*w + 1321. What is h(-121)?
111
Let l(g) = 601*g + 5145. What is l(-9)?
-264
Let h(w) = 99202*w + 3273663. Calculate h(-33).
-3
Let c(m) = 113069*m**2 - 2374448*m - 17. Calculate c(21).
4
Let u(f) = 2*f**2 + 1008*f - 14099. Give u(14).
405
Let g(z) = 101*z + 7093. Calculate g(-70).
23
Let t(y) = 6*y**2 + 196*y + 5. Determine t(-42).
2357
Let i(q) = -2*q**3 + 104*q**2 - 82*q - 135. Determine i(51).
885
Let n(j) = -j**3 + 30*j**2 - 61*j + 206. Calculate n(28).
66
Let u(g) = 2*g**3 - 402*g**2 - 363*g - 8251. Calculate u(202).
31
Let p(q) = 1835*q + 176144. Give p(-96).
-16
Let w(v) = 2*v**3 + 1201*v**2 - 538*v + 37869. What is w(-601)?
6
Let b(q) = 147691*q + 2806129. Calculate b(-19).
0
Let p(g) = -48*g**2 - 804*g - 754. What is p(-1)?
2
Let h(b) = 357145*b + 6785768. Determine h(-19).
13
Let b(k) = -16863*k + 320421. What is b(19)?
24
Let l(a) = 222*a**2 - 18875*a + 219. Give l(85).
-206
Let u(q) = -83*q - 34603. What is u(-417)?
8
Let s(c) = -1028919*c - 7202450. What is s(-7)?
-17
Let o(x) = -8*x**2 + 922*x - 1325. Give o(114).
-185
Let l(d) = -d**2 - 6474*d - 308491. What is l(-48)?
-43
Let q(n) = 230*n**2 - 2781*n + 27. Determine q(12).
-225
Let c(h) = -908*h**3 - 32*h**2 + 65*h - 67. Calculate c(1).
-942
Let f(t) = 289*t**2 + 7804*t + 64. What is f(-27)?
37
Let b(y) = 8394*y + 8242882. What is b(-982)?
-26
Let f(g) = g**3 - 38*g**2 + 244*g - 114. Give f(30).
6
Let b(f) = -f**3 + 10*f**2 + 182*f + 839. Calculate b(-10).
1019
Let d(t) = -4*t**3 + 139*t**2 - 1008*t - 544. What is d(24)?
32
Let l(o) = 5*o**2 - 50*o - 188. Calculate l(27).
2107
Let p(k) = 38*k**2 - 311*k - 617. What is p(-2)?
157
Let i(u) = 551*u + 2658. Determine i(-5).
-97
Let r(i) = 5072*i - 20276. Calculate r(4).
12
Let y(d) = 1350*d - 7650. What is y(5)?
-900
Let v(i) = 2*i**3 - 3054*i**2 + 6053*i + 71683. Determine v(1525).
8
Let b(k) = k**3 - 87*k**2 - 170*k + 977. Calculate b(89).
1689
Let x(l) = -648*l - 39161. What is x(-60)?
-281
Let c(v) = -922*v - 22362. Determine c(-24).
-234
Let y(o) = 2*o**3 + 956*o**2 - 1973*o - 25418. Determine y(-480).
22
Let j(g) = -5*g**3 - 38*g**2 - 108*g - 4. Calculate j(-3).
113
Let o(w) = -20*w**2 + 542*w + 1098. What is o(29)?
-4
Let c(s) = s**3 + 84*s**2 + 74*s - 1296. Calculate c(-83).
-549
Let p(w) = 5267*w - 352875. Calculate p(67).
14
Let x(m) = -11546*m - 12735254. Give x(-1103).
-16
Let u(l) = 2416*l - 9901. Give u(4).
-237
Let g(l) = l**2 - 4891*l - 387579. What is g(-78)?
3
Let x(v) = 3*v**3 + 181*v**2 - 233*v - 6776. Calculate x(-61).
-5
Let b(t) = -8555*t - 42763. Give b(-5).
12
Let l(y) = 12*y**2 - 220*y + 719. Calculate l(7).
-233
Let w(u) = u**3 + 53*u**2 + 292*u + 758. Determine w(-47).
288
Let z(v) = -3*v**2 - 249*v + 16778. Calculate z(-127).
14
Let w(j) = 3*j**3 + 32*j**2 + 285*j + 4847. What is w(-13)?
-41
Let l(m) = -2686*m - 394518. Determine l(-147).
324
Let p(s) = -814*s + 15844. What is p(19)?
378
Let v(r) = 8*r**3 + 2262*r**2 - 572*r - 1541. Give v(-283).
157
Let f(n) = -n**2 + 23*n + 1064. Determine f(58).
-966
Let q(v) = -37*v**2 + 15228*v - 53881. What is q(408)?
-25
Let v(h) = 239*h + 18171. Determine v(-76).
7
Let k(b) = -b**2 + 23742*b + 1046567. Give k(-44).
-17
Let j(i) = 40*i**2 + 25099*i + 11904. Give j(-627).
-9
Let u(y) = -9*y - 188. What is u(49)?
-629
Let z(p) = 1016*p - 18145. Determine z(18).
143
Let u(h) = -h**3 - 88*h**2 - 1876*h + 1351. Determine u(-39).
-14
Let l(c) = 549*c**2 + 13718*c - 233. Calculate l(-25).
-58
Let o(r) = -11118*r + 5703543. Calculate o(513).
9
Let s(c) = -413*c**2 - 10*c + 62. Determine s(2).
-1610
Let x(i) = 2*i**2 + 130*i + 869. What is x(-62)?
497
Let j(p) = -21551*p + 301612. What is j(14)?
-102
Let l(p) = -p**3 - 27*p**2 + 98*p + 3013. Give l(-22).
-1563
Let v(b) = -4*b**3 + 1041*b**2 - 362*b + 26510. Determine v(260).
-10
Let h(c) = 1460*c**3 - 2*c**2 + 161*c - 156. What is h(1)?
1463
Let d(v) = -16*v**2 - 785*v - 48. What is d(-49)?
1
Let n(d) = 21*d + 1780. Calculate n(17).
2137
Let n(k) = 806959*k - 26629657. What is n(33)?
-10
Let v(r) = -25*r**2 + 14*r + 147. Calculate v(0).
147
Let d(v) = -34*v**3 + 15*v**2 - 62*v - 69. What is d(-1)?
42
Let i(l) = l**3 - 86*l**2 - 551*l + 548. What is i(92)?
640
Let v(z) = 350*z - 58016. Give v(183).
6034
Let y(n) = -48*n**2 - 61*n - 238. Calculate y(-7).
-2163
Let z(b) = -15*b**3 - 859*b**2 + 3415*b - 44. Determine z(-61).
17
Let b(z) = -8*z**2 + 455*z - 2015. Determine b(54).
-773
Let x(b) = 1526880*b + 4580632. What is x(-3)?
-8
Let i(b) = 21*b**3 - 124*b**2 - 248*b - 6. Give i(-2).
-174
Let o(t) = -3*t**2 - 308*t - 7516. What is o(-37)?
-227
Let z(n) = -n**2 + 1034*n + 49699. What is z(-46)?
19
Let w(m) = 8*m**2 - 904*m + 1663. What is w(111)?
-113
Let l(r) = 299*r + 10555. Give l(-29).
1884
Let x(s) = 1141024*s - 4564037. Calculate x(4).
59
Let x(a) = 327*a**2 - 6468*a - 1392. Give x(20).
48
Let b(r) = -5009*r + 40075. What is b(8)?
3
Let v(c) = -2*c**2 - 2774*c + 25130. What is v(9)?
2
Let z(x) = -x**2 - 3917*x + 59122. Calculate z(15).
142
Let v(o) = -17*o**3 - 1254*o**2 - 494*o - 58458. Give v(-74).
2
Let z(w) = 2*w**2 - 99*w + 276. What is z(3)?
-3
Let c(u) = 115*u**2 + 27*u + 35. Calculate c(4).
1983
Let i(v) = 4987*v + 24834. Give i(-5).
-101
Let z(j) = -671*j + 37497. What is z(56)?
-79
Let l(q) = -q**3 + 426*q**2 - 8*q + 3314. Determine l(426).
-94
Let d(u) = 13*u**3 + 125*u**2 + 66*u - 22. What is d(-9)?
32
Let p(u) = -213*u**2 + 17072*u - 2535. Determine p(80).
25
Let a(i) = -3*i**2 + 307*i - 1425. Determine a(96).
399
Let o(u) = -50*u**2 - 2133*u - 8860. Determine o(-38).
-6
Let f(w) = -1542*w + 303773. Determine f(197).
-1
Let v(b) = b**3 + 294*b**2 + 12219*b + 955. What is v(-50)?
5
Let s(h) = -42*h - 1642. What is s(-49)?
416
Let n(v) = -v**2 - 101175*v + 910649. Calculate n(9).
-7
Let b(q) = -105541*q + 7282327. Give b(69).
-2
Let a(y) = 1341*y + 623553. What is a(-465)?
-12
Let u(v) = -30*v**2 + 235*v - 1324. Calculate u(6).
-994
Let f(i) = -5*i**2 - 5134*i - 373512. Determine f(-948).
0
Let h(n) = 1248*n**2 - 4047*n + 4. Give h(3).
-905
Let o(j) = 3*j**3 + 23*j**2 - 653*j + 31. Give o(11).
-376
Let a(z) = -z**3 - 2528*z**2 - 17768*z - 13. Give a(-7).
834
Let r(t) = -6*t**2 + 31*t + 396. What is r(14)?
-346
Let z(y) = -y**2 - 445*y - 15288. Determine z(-38).
178
Let s(c) = -c**2 - 102*c + 1639. What is s(-105)?
1324
Let g(v) = 629*v**2 - 6282*v - 39. What is g(10)?
41
Let y(l) = -278032*l + 2224264. What is y(8)?
8
Let i(r) = 31*r**2 + 205*r - 168. Calculate i(-8).
176
Let i(v) = -v**3 - 149*v**2 - 432*v + 15. Calculate i(-3).
-3
Let r(w) = -127*w**2 - 3559*w - 333. Give r(-28).
-249
Let h(i) = -i**3 + 16*i**2 + 10*i + 90. Determine h(17).
-29
Let o(i) = 318*i - 27023. Give o(90).
1597
Let j(w) = 62724*w + 188174. What is j(-3)?
2
Let z(d) = 4534*d - 870956. Give z(192).
-428
Let y(n) = -125*n**3 + 88*n**2 + 83*n - 5. Give y(-1).
125
Let c(h) = 110*h**2 - 4324*h + 30725. Determine c(30).
5
Let x(l) = -77702*l - 155288. Calculate x(-2).
116
Let p(o) = -1523*o - 56423. Give p(-37).
-72
Let j(p) = -7000*p - 48992. Give j(-7).
8
Let f(r) = -4047*r - 52550. Determine f(-13).
61
Let p(j) = j**3 - 9*j**2 - 246*j - 90. Determine p(15).
-2430
Let r(p) = 3*p**3 + 37*p**2 - 10*p - 17. Determine r(-11).
577
Let p(a) = a**3 - 16*a**2 - 307*a - 910. Wha